y be k(-2). List the prime factors of -213*((-9)/(-6))/((-18)/y).
2, 71
Let r = -637 + 1631. Suppose r = 3*m + 4*m. What are the prime factors of m?
2, 71
Suppose 0 = 8*g - 5738 - 3478. What are the prime factors of g?
2, 3
Let t(o) = 447*o**3 + 35*o**2 - 66*o. What are the prime factors of t(2)?
2, 7
Let j(i) = 195*i - 50. What are the prime factors of j(3)?
5, 107
Let z(t) be the third derivative of -65*t**4/24 - 17*t**3/6 + 13*t**2. List the prime factors of z(-2).
113
Suppose -2*c + 4 = -0. Suppose 0 = -c*f - 10, -2 = -h - 4*f - 11. List the prime factors of h.
11
List the prime factors of (250/375)/((-5)/(78510/(-4))).
2617
Let s(i) be the second derivative of -i**6/180 - i**5/60 + i**4/4 + 4*i. Let n(g) be the third derivative of s(g). What are the prime factors of n(-1)?
2
Let q = -14 + 24. What are the prime factors of 1908/33 - q/(-55)?
2, 29
Let x = -7 + -187. Let d = -80 - x. What are the prime factors of d?
2, 3, 19
Let l(u) = -20*u**2 - u. Let z be l(1). Let d = z - -11. What are the prime factors of -1 + 1 - (d - 0)?
2, 5
Let u be (-7 - -4 - -4)*4. Suppose y = 5*x - 595, 0*x - 595 = -5*x + u*y. List the prime factors of x.
7, 17
Suppose -3*x - 26 = v, 4*v - 4*x = -25 - 15. What are the prime factors of 84/9 - (v/(-6))/7?
3
Let t = 1142 - -53. List the prime factors of t.
5, 239
Suppose z = -3*h + 122 + 1307, -z + 1445 = -h. List the prime factors of z.
11, 131
Let t(i) = 30*i - 11. Suppose j = x + 1, 2*j - 6*x + 3*x = 0. What are the prime factors of t(j)?
79
Suppose 5*d + 2*r - 150 = 1004, d - 224 = 3*r. What are the prime factors of d?
2, 5, 23
Let x(l) = 781*l + 28. What are the prime factors of x(4)?
2, 197
Let z(d) = -21*d + 20. Let t be z(-6). Suppose -6*r + t = -58. List the prime factors of r.
2, 17
Suppose 0*w - 2*w - 2*k = -372, 3*k + 528 = 3*w. Let p = w + -127. List the prime factors of p.
2, 3
Let b(w) = 9*w + 2. Let g(o) = o**2 + o - 1. Let m be g(1). What are the prime factors of b(m)?
11
Let i be 1 + (176 + 3 - 2) + 1. Let g = i + -65. List the prime factors of g.
2, 3, 19
Let i be 0/(1 - -1 - 3). Let r = -86 + 111. Let h = r + i. List the prime factors of h.
5
Let b(o) = 679*o + 7. Let q be b(1). Suppose -3*s + 10*s = q. List the prime factors of s.
2, 7
Let z = -349 - -127. Let g = -154 - z. What are the prime factors of g?
2, 17
Suppose 2*m = 5*i - 5, -m + 16 = 3*i + 2. Let x(s) = s**2 - 2*s - 3. Let h be x(i). Let j(u) = -u**3 - u**2 + 2*u + 53. What are the prime factors of j(h)?
53
Suppose 5*a = 3*q + 2800 - 72, 5*q = 5*a - 2730. List the prime factors of a.
5, 109
Suppose 89 = -8*a + 289. Let n = -25 + a. Suppose -q - 2*c - 2*c + 64 = 0, -c + 2 = n. What are the prime factors of q?
2, 7
Let s = 950 - 511. List the prime factors of s.
439
Let q(v) = v + 4. Let s be q(-1). Suppose 0 = -s*d - 0*x + 3*x + 234, -5*d - 2*x = -418. What are the prime factors of d?
2, 41
Let d(h) = -23*h - 38. Let z(i) = 8*i + 13. Let l(b) = 4*d(b) + 11*z(b). Let s be l(-4). What are the prime factors of (-24 - s)*(-1 + 0)?
31
Suppose 23*z - 31*z + 7736 = 0. List the prime factors of z.
967
Suppose -5*l + 10 = -3*l. Suppose -g - 373 = -3*x - 11, l*g - 610 = -5*x. What are the prime factors of x?
11
Let u(r) = -3*r - 7. Let k be u(-3). Suppose -k*g - 4*b + 46 = -4*g, 8 = 2*b. Let x = 28 - g. What are the prime factors of x?
43
Suppose 26*t - 29*t - 303 = 0. Let u = -60 - t. What are the prime factors of u?
41
Let f(y) = 102*y**2 - 2*y + 5. Let n(j) = 204*j**2 - 3*j + 9. Let i(l) = -5*f(l) + 3*n(l). What are the prime factors of i(-1)?
103
Let v(m) = m**3 - 6*m**2 + 17*m - 15. What are the prime factors of v(7)?
3, 17
Let a = 2766 - 1821. List the prime factors of a.
3, 5, 7
List the prime factors of (-1 + -93)*(-13 + (-39)/(-6)).
13, 47
Suppose 0 = -j + 5, -h - 4*j + 124 = -192. List the prime factors of h.
2, 37
Let y = 76 - 66. Suppose y*v = -v + 1969. What are the prime factors of v?
179
Let y = -22 - -112. Suppose -y = -a - 3*c, -a - 4*c + 9*c = -106. List the prime factors of a.
2, 3
Suppose -8 = -4*i - 0. Let a = i - -28. Let b = a + -6. What are the prime factors of b?
2, 3
Suppose 4*h - b = -61, -3*h + b = 3*b + 32. Let z(k) = k**2 + 17*k + 17. Let i be z(h). What are the prime factors of 1/5 + (-1670)/i?
67
Let n = -12 + 16. Suppose -n*d = -d - 12. Suppose 4*r = -0*m - 5*m + 40, d*r - 40 = 4*m. List the prime factors of r.
2, 5
Suppose 0 = 5*x + 349 + 1316. Let n = -200 - x. What are the prime factors of n?
7, 19
Let u(t) = t**3 - 6*t**2 + 3*t. Let z be u(4). Let b(g) = -g**3 - 21*g**2 - 22*g - 14. What are the prime factors of b(z)?
2, 13
Let f be (-1426)/(-22) + (-8)/(-44). Suppose 5*h + 164 = -4*j, 2*j + 78 = 3*h + 18. Let a = f + j. List the prime factors of a.
29
Let j = 17 - 30. Let l = -11 - j. Suppose 4*o = 3*i - 8, o = 4*i - l*o - 13. What are the prime factors of i?
2
Let d(m) = 124*m - 113. List the prime factors of d(5).
3, 13
Suppose 5*j + 2*v = 17, -3*j + 3*v + 9 = 3. Suppose p - 22 = -j. What are the prime factors of p?
19
What are the prime factors of 6/(-16) + ((-73782)/(-144) - 20)?
2, 3, 41
Let z(u) = u + 36. Let p(b) = 2*b**2 + 28*b + 18. Let c be p(-13). What are the prime factors of z(c)?
2, 7
Let t(v) = 9*v**2 + 71*v + 15. List the prime factors of t(-12).
3, 17
Suppose 25 = -5*b + 10*b. Suppose -v = b*o - 504, -2*o + 5*o = -4*v + 299. Suppose -y + 2*y + 64 = 2*x, 4*y = 3*x - o. What are the prime factors of x?
31
List the prime factors of (-74)/(-4) + 320/128.
3, 7
Let i(l) = -l**2 + 31*l - 24. List the prime factors of i(18).
2, 3, 5, 7
Let h(i) be the third derivative of 5*i**4/24 - 5*i**3/6 - 4*i**2. Let r be h(5). Suppose -2*v + r = 4. List the prime factors of v.
2
Let f = 20 + -17. Suppose 3*o = 4*k - 2 - 113, 102 = f*k + 3*o. What are the prime factors of k?
31
Let b be 6*232/(-12) + 1. Let c = b + 219. Suppose 6*g - 16 = c. What are the prime factors of g?
2, 5
Suppose 2*n - 204 = 4*p, -27 + 573 = 5*n - p. Suppose n = 4*z - 1130. What are the prime factors of z?
2, 5, 31
Suppose 69 - 689 = 4*z + 2*t, 5*t = 0. Let h = 279 + z. List the prime factors of h.
2, 31
Suppose -61 - 91 = -4*u. Let o = u - 16. List the prime factors of o.
2, 11
Let l = -33 + 33. Suppose 8*o + l = 432. List the prime factors of o.
2, 3
Let v(l) = -9*l - 154. List the prime factors of v(-32).
2, 67
Let u(g) = -g + 2. Let f be u(-4). Let j = f - -70. What are the prime factors of j?
2, 19
Let q = 122 - -1085. What are the prime factors of q?
17, 71
Suppose z - 974 - 627 = 0. List the prime factors of z.
1601
Let y = 5003 + 607. List the prime factors of y.
2, 3, 5, 11, 17
Let c = 181 - 117. Let f = c - -7. List the prime factors of f.
71
Let u(t) = t**2 + 2*t + 6. Let j be u(-4). Let g(s) = s - 9. Let q be g(j). Suppose -2*p - q = -13. What are the prime factors of p?
2
List the prime factors of (52/3)/(8 + 310/(-39)).
2, 13
Suppose -5*d = -g - 1480, -11*d + 6*d = 4*g - 1480. List the prime factors of d.
2, 37
List the prime factors of 530284/111 - (16/(-6) - -2).
2, 2389
Let a(w) = 0 - w + w**3 - 8*w**2 + 1 + 6*w. Let r be a(7). What are the prime factors of r + 16 + 1*4?
7
Suppose 0 = v - 141 - 84. Suppose -v = 3*o - 8*o - 5*s, 3*o + 4*s = 133. List the prime factors of o.
47
Suppose 0 = -5*g + 4*q + 24, -g + 3*q + 7 = -0*g. Suppose g*w - 8 - 9 = -y, y = 2*w + 41. List the prime factors of y.
3, 11
Let l be 24/9*171/6. Let i = l - 48. What are the prime factors of i?
2, 7
Let g be (-115)/(-35) - (-2)/(-7). Suppose 0 = 4*m + 4*c - 4, 4*m + g*c - 2 = 4. What are the prime factors of 40/m*6/5?
2
Let l(p) be the first derivative of 2*p**3/3 + 5*p**2 + 5*p - 3. Let u be l(-5). Suppose 0 = k - 2, u*r + k + k = 294. List the prime factors of r.
2, 29
Let v(j) = 5*j + 53. Let n be v(-9). What are the prime factors of -4 + n/4 - -1*93?
7, 13
Let v(l) = l**3 - 11*l**2 - 1. Let g be v(11). List the prime factors of (-255)/(-5) - (g + 0).
2, 13
Suppose -3*y - 3*v = 3, y - 1 = 2*v - 5. Let x = 1 - 0. What are the prime factors of (x + y/6)*18?
2, 3
Let x(l) = -l**3 - l**2 - 2. Let f be x(-3). Let i = 72 - f. What are the prime factors of i?
2, 7
Let y(x) = 16*x - 12. Let k be y(8). Let j = 204 - k. What are the prime factors of j?
2, 11
Suppose 0 = -i - 3*i + 16. Suppose 3*l + 45 = 3*j, 0 = 4*j - 0*l + i*l - 68. List the prime 